f 9 and l?
9
Let r(c) = -3*c**3 + 3*c**2 + 94*c - 21. Let k be r(6). Let z = 14 + -11. What is the greatest common divisor of k and z?
3
Suppose -3542*b + 3618*b = 1129132. What is the greatest common divisor of 537 and b?
179
Let t(q) = -27*q - 151. Let m be t(-8). What is the highest common divisor of 897 and m?
13
Let o be -5 + 18 + -3 - -2. Suppose 18*i - 216 = o*i. What is the highest common factor of 12 and i?
12
Suppose 2*j + 3*i = 795, 0*j - 5*j + 1945 = -i. Suppose 12*p = -p + j. What is the highest common factor of p and 15?
15
Suppose -2*a = -10, -13*s + 18*s + 3*a - 80 = 0. Calculate the highest common factor of s and 15275.
13
Suppose -48 = -3*o - 60. Let w be 2/o - (-27)/6. Suppose m + 480 = w*m. What is the highest common factor of 10 and m?
10
Let y(c) = -192*c - 1609. Let t be y(-9). Calculate the highest common divisor of 231 and t.
7
Suppose 5*z = 608 + 617. Suppose 24*j - z = -29. What is the highest common factor of j and 6?
3
Let k(h) = h**2 + 500*h - 7714. Let a be k(15). What is the highest common divisor of a and 5214?
11
Let g(l) = 7*l**2 - 4*l - 3. Let n be g(7). Suppose m = -2*j + 1, -3*m + 11*j + 21 = 14*j. Calculate the greatest common factor of m and n.
13
Suppose -14*m - 2625 = -49*m. Suppose 91*n - 432 = m*n. Calculate the highest common divisor of 1728 and n.
27
Let d = 854 + -728. Let g be 0 - (-567 - (-4)/(-8)*0). What is the highest common divisor of d and g?
63
Suppose -197*k + 671 = -186*k. What is the highest common divisor of k and 427?
61
Let l be (-13754)/(-8) - ((-78)/(-24))/13. What is the greatest common factor of l and 9?
9
Suppose 4*c + 1123 = 6*a - 3*a, -2*c - 8 = 0. What is the highest common divisor of a and 36?
9
Suppose 27*f - 3036 = 16*f. Suppose f = q - r, -1100 = 6*q - 10*q + 3*r. Calculate the greatest common divisor of 17 and q.
17
Suppose -i + 308 = 250. What is the greatest common factor of i and 4727?
29
Let i be ((-36)/10*2/(-3))/((-26)/(-1560)). What is the greatest common factor of i and 186?
6
Let y(l) = 2*l**2 - 95*l - 459. Let r be y(-5). What is the greatest common divisor of 4818 and r?
66
Let j(l) = 24*l**2 - 48*l - 897. Let m be j(-24). Calculate the greatest common factor of m and 39.
39
Let a = 5072 - -4553. What is the highest common divisor of a and 110?
55
Let a = 913 - 634. Let j = a - 123. What is the greatest common divisor of 351 and j?
39
Let i = -16873 + 17965. Calculate the greatest common factor of i and 308.
28
Suppose 4*o + 125 = 637. Let g = -332 + 241. Let y = o + g. Calculate the greatest common factor of 333 and y.
37
Suppose -4*c - 2*z = 6, -5*z + 7 - 22 = 0. Let p be 86 - c*1/2. Let h be 25 + 138/(-5681)*-13*57. Calculate the greatest common divisor of h and p.
43
Let c(w) = -w**3 + 6*w**2 - 2*w + 3. Let h be c(5). Let l(z) = 2*z**2 - 676*z - 22035. Let x be l(368). What is the highest common factor of h and x?
9
Suppose 6*u = 4*u + 5*f + 3021, 3039 = 2*u + f. What is the highest common divisor of u and 2070?
138
Suppose -2*m + 4*i = -176, -10*i + 9*i + 156 = 2*m. Let f be ((-32)/m)/((-4)/510). Calculate the greatest common divisor of f and 221.
17
Let s be 2*365/(-10)*(-84 + 52). What is the greatest common factor of 73 and s?
73
Suppose 141*n = -4*d + 144*n + 142, 2*n - 189 = -5*d. What is the highest common divisor of 333 and d?
37
Suppose 30*q = 37*q - 91. Let r(y) = 3*y - 7. Let o be r(q). What is the highest common divisor of 88 and o?
8
Suppose 2*b - 2*r = 34, 3*b - r + 21 = 66. Let q be (-1 - 4)/((-300)/480). What is the highest common factor of q and b?
2
Suppose 0 = 2*v - 8, -90 = -i - 9*v + 4*v. Let q be (-11)/((-165)/i)*9. Suppose -5*k + 63 = -q. Calculate the highest common divisor of 63 and k.
21
Suppose 0*u = 2*u - 4. Suppose -161 - 103 = -u*i. Suppose 0*o = -3*o + i. What is the highest common factor of o and 176?
44
Let w = 648 - -10932. What is the highest common factor of 60 and w?
60
Suppose 4*f + y - 15556 = 0, f = 6*y - 5*y + 3884. Calculate the highest common divisor of f and 234.
18
Let c = -5 - -7. Let x(r) = -r**3 - 12*r**2 - 100*r - 800. Let u be x(-10). Suppose -c + u = -2*m. What is the highest common divisor of 2 and m?
1
Let u(i) be the first derivative of -i**4/4 + 13*i**3/3 - 7*i**2/2 - 9*i + 42. Let y be u(6). Calculate the greatest common factor of y and 67.
67
Let j(w) = -6*w - 4. Let i be j(1). Let p be 46/2 - i/(-7 + 2). Suppose 7*g - 112 = p. Calculate the greatest common factor of g and 1.
1
Suppose 29*i = 2*i + 2538. Let r = i + -20. What is the greatest common factor of r and 111?
37
Let h = -2856 - -2943. Suppose 0*q + 2*q - 8 = 0. Suppose k - q*j = 54, 2*k + 2*k = -2*j + 234. Calculate the greatest common factor of k and h.
29
Let l = 90214 - 90208. Suppose 2*x = -4*m + 32, -25 = x - 3*x + 3*m. What is the greatest common factor of l and x?
2
Let b be (-194)/(-7) + 2/7. Suppose -3*r + a + 1 = -15, 0 = 5*r - 2*a - b. Let h be 15*7/((-21)/(-4)). What is the greatest common divisor of h and r?
4
Suppose -396*s = -404*s + 10768. Let o = -1321 + s. Let m be (0 - -1)/((-3)/(-75)). What is the greatest common factor of m and o?
25
Suppose -2*o + 3 - 3 = 0. Suppose -10*p - 22 + 2 = o. Let r be 1*(0 - 7/2)*p. Calculate the highest common factor of 7 and r.
7
Let i(l) = l**2 + 39*l - 548. Let y be i(-51). What is the highest common divisor of y and 2984?
8
Let m(i) be the first derivative of -i**4/4 + 10*i**3/3 - 9*i**2/2 + 10*i + 69. Let z be m(9). What is the highest common factor of z and 8?
2
Suppose 6*k - 10626 = -k. Let h be k/(-102) - 4/34. Let n be h*((-79)/15 - (-17)/(-51)). Calculate the greatest common divisor of 28 and n.
28
Let p(g) = 4*g + 36. Suppose 0*w = w - 18. Let s be p(w). Suppose -s + 516 = 8*a. Calculate the greatest common divisor of a and 17.
17
Let k be 19291/7 - (1 - 13)*(-84)/1176. Calculate the greatest common divisor of 145 and k.
145
Suppose 20*h - 23*h = -5*i + 530, 0 = -5*i - 4*h + 565. What is the highest common divisor of i and 4469?
109
Suppose -15*g - 10*g = -3950. Calculate the greatest common factor of 4 and g.
2
Let z = 39952 - 39946. What is the greatest common factor of z and 22770?
6
Let i = 106 - 103. Suppose i*c = 74 + 148. Suppose -5*g + 46 = -c. Calculate the greatest common divisor of g and 60.
12
Let t be (-444)/(-22) + (-2314)/143 + 16. Calculate the highest common factor of 615 and t.
5
Let b be 303/(12/5592*6). Calculate the highest common divisor of 101 and b.
101
Suppose -1352 = -5*v + 4*h, 397 = 4*v + 3*h - 728. What is the greatest common factor of 1992 and v?
12
Suppose -z = -3*z. Let d(t) = 9*t**2 - 5*t - 7. Let h be d(-3). Suppose z = 5*x - 61 - h. Calculate the highest common divisor of 3 and x.
3
Let i be ((-15)/(-1))/(14/(-18620)*-14). What is the greatest common factor of i and 4560?
285
Let i(k) = -k + 14. Let s be i(-4). Let v(f) = -f**2 - 4*f + 6. Let z be v(-6). Let g = z + 168. What is the greatest common factor of g and s?
18
Let k(o) = -o**3 - 64*o**2 + 42*o - 679. Let f be k(-65). Calculate the greatest common divisor of f and 96.
48
Suppose 64*t + 585 = 55*t + 48*t. What is the greatest common divisor of 615 and t?
15
Let d(u) = 162*u - 7917. Let o be d(49). Let m = -20 - -34. Calculate the highest common divisor of m and o.
7
Let i(t) = t**2 - 8*t + 12. Let n be i(6). Let z = n - -15. Let u(j) = -11*j + 33. Let a be u(-12). What is the highest common factor of z and a?
15
Let d = 2167 - 978. Calculate the greatest common factor of d and 369.
41
Suppose k + 29 = n, 2*n + k - 52 = 3. Suppose -7*y = n - 504. What is the greatest common divisor of 4 and y?
4
Let l = 7237 + -6248. What is the greatest common divisor of 86 and l?
43
Let u = -2940 - -3399. Calculate the greatest common factor of u and 68.
17
Suppose -2671*x + 12432 = -2655*x. What is the highest common factor of 210 and x?
21
Let h = 53 - 51. Let t be ((-75)/20)/(h/(-16)). What is the greatest common factor of 6 and t?
6
Let y(c) = 7*c**2 - 22*c + 99. Let w be y(3). Calculate the greatest common divisor of w and 640.
32
Suppose 0 = r - 6*r + 110. Suppose -2*q - 2*u + r = 0, q + 3 - 19 = -2*u. Calculate the highest common factor of q and 6.
6
Let m = -3 + 43. Suppose -4*v + 968 = 2*r - 784, -4*v = 3*r - 1748. What is the greatest common divisor of m and v?
40
Let f = -602 + 604. Suppo